the highest common divisor of 18 and c?
18
Suppose -3*o = -o - 26. Let l be (-1 - 0)/((-9)/27). Suppose -l*a + 351 = -0*a. What is the highest common factor of o and a?
13
Let y be (8 - -4 - -2) + -4. Calculate the highest common divisor of 15 and y.
5
Let p = -7 - -29. Let l = p - 15. Suppose l*d = 2*d + 495. What is the highest common factor of d and 11?
11
Let s = 9 - 4. Suppose s*u - 5*q - 105 = 0, -u = -4*u - 2*q + 78. Calculate the greatest common factor of 6 and u.
6
Suppose -4*v + 3*v = -5. Suppose -3*p + 477 = v*c + 18, 3*p = -4*c + 369. Suppose -5*l = -2*l - 27. What is the greatest common factor of l and c?
9
Suppose -j - 2 = -6. Suppose -j*m + 0*m = -r - 29, 4*m - 2*r - 30 = 0. What is the greatest common divisor of 14 and m?
7
Let i be 236/(-12) - 1/3. Let o = 36 + i. What is the highest common divisor of o and 2?
2
Suppose u = 50 + 16. What is the greatest common divisor of 6 and u?
6
Suppose -6*r + 119 + 25 = 0. What is the greatest common divisor of r and 48?
24
Let b(r) = 2*r - 2. Let y be b(2). Suppose k = 3*c - 38, -4*c - 2*k + 72 = y*k. Calculate the greatest common factor of 35 and c.
7
Suppose 2*c = -h + 1, -2*h + 3*c - 5 + 7 = 0. Let o be (-1 - 3) + h + 13. Calculate the highest common divisor of o and 110.
10
Suppose -2*q = -6 + 2. Let u be 0*((-1)/(-2) + -1). Let o = q + u. Calculate the highest common factor of o and 8.
2
Let n = 4 - -16. Suppose -q + n = q. Suppose 2*v + 5*v = 210. What is the highest common factor of v and q?
10
Let l(m) = -12*m - 101. Let c be l(-16). Calculate the greatest common divisor of c and 7.
7
Let m(n) = -n**2 + 7*n - 1. Let h be m(5). Calculate the greatest common factor of 171 and h.
9
Let l be 5/((-10)/38)*-2. What is the highest common factor of l and 95?
19
Suppose 4 = -i - 0*i, 4*i - 32 = -3*y. What is the greatest common factor of y and 432?
16
Let a(o) = -o**2 + 24*o + 26. Let l be a(19). Calculate the highest common divisor of 11 and l.
11
Let b be ((-16)/(-20))/((-2)/(-10)). Let p(v) = 26*v - 5. Let j be p(b). What is the highest common factor of j and 9?
9
Let a = -51 - -57. Suppose -3*o + 15 = 0, -5*o = 4*i - i - 43. Calculate the highest common divisor of i and a.
6
Suppose 5*x = 3*z + 200, -2*x + 7*z = 4*z - 80. What is the highest common factor of x and 5?
5
Let a = -464 - -313. Let g(q) = -48*q + 5. Let m be g(6). Let y = a - m. What is the greatest common factor of y and 12?
12
Let w(t) = t**3 - 14*t**2 + 17*t + 18. Let l be w(13). Calculate the greatest common divisor of l and 28.
14
Suppose -9*r + 6*r = -189. Calculate the highest common factor of 9 and r.
9
Let d = 511 + -351. What is the greatest common divisor of 32 and d?
32
Let o(h) = -h**3 + 8*h**2 - 6*h - 2. Let m be o(7). Calculate the greatest common divisor of 20 and m.
5
Let g = 70 + -65. What is the greatest common divisor of g and 1?
1
Let x(n) = n**2 + 10*n + 7. Let f be x(-9). Let z be f*(4/(-2) - -1). Suppose -z*v = -v - 36. Calculate the highest common divisor of v and 24.
12
Suppose u - 3 = 0, -u + 4 = f - 43. What is the greatest common factor of 110 and f?
22
Suppose 0 = -11*w + 6*w. Suppose -5*s + s + 220 = w. What is the highest common divisor of s and 11?
11
Suppose 5*t - 2*k = 125, 2*k + 27 = 3*t - 52. Calculate the highest common divisor of t and 207.
23
Let y(c) = -2*c - 4. Let p be y(-4). Suppose 0 = 3*k + g - 323, -p*k + 2*g + 436 = -2*g. Calculate the greatest common factor of 12 and k.
12
Let b = -48 + 97. Let x = -25 + b. Suppose -3*q - 60 = -8*q. Calculate the greatest common divisor of x and q.
12
Let u be ((-4)/8)/(2/(-28)). Let w(h) = 12*h + 6. Let r be w(u). Calculate the greatest common factor of 10 and r.
10
Suppose -4*p - 24 = -92. Suppose 5*b + 81 = 1016. Calculate the highest common factor of p and b.
17
Let u = -37 - -41. Calculate the highest common divisor of 68 and u.
4
Let j = -6 - -26. What is the greatest common factor of 20 and j?
20
Let u be 6/(-9) + (-23)/(-3). Let g(z) = z**2 - z - 60. Let v be g(0). Let r = -4 - v. What is the greatest common divisor of r and u?
7
Let p = 19 + -19. Suppose -5*g + 98 + 37 = p. Let k(a) = 5*a - 7. Let c be k(5). Calculate the highest common factor of g and c.
9
Suppose 2*t - 60 = -3*t. Calculate the greatest common factor of t and 36.
12
Let y be (-6)/(-4)*(-208)/(-3). What is the highest common factor of y and 13?
13
Suppose -2*i + 2*q = -2*q + 2, 4*i - 26 = -2*q. Suppose i*p = 4*g - 22, 0*g = -5*g + 5*p + 25. Calculate the highest common factor of g and 3.
3
Suppose 4*f - f = 0. Let p = 22 - 19. Suppose p*w - 6*w + 30 = f. What is the highest common divisor of 20 and w?
10
Let k = 48 - 28. Calculate the greatest common factor of k and 50.
10
Let i(d) = 1. Let w(m) = -28*m + 12. Let p(b) = -24*i(b) + 2*w(b). Let x be p(-2). What is the highest common divisor of x and 14?
14
Suppose -4*i = 5*l - 75, -2*i + 4*l + 9 = -9. Calculate the greatest common factor of i and 5.
5
Suppose m + 0*m = 0. Suppose y + y - 96 = m. What is the highest common factor of 6 and y?
6
Suppose z = -9*z + 420. What is the greatest common divisor of z and 7?
7
Let h(s) = -9*s + 6*s + 0 - 5. Let c be h(-7). Let f = c + -3. Calculate the greatest common divisor of 104 and f.
13
Suppose 0 = a + 2*a. Suppose 0 = 5*k - 5, -5*g + a*k + 96 = k. What is the highest common factor of 19 and g?
19
Let q(z) = z**2 + 2*z - 8. Let j be q(4). Let s be 82/5 + (-2)/5. Calculate the highest common factor of s and j.
16
Let q = -1 + 7. Let z = -56 - -122. Calculate the greatest common divisor of z and q.
6
Suppose -55 = -10*r + 5*r. Let d(u) = 4*u. Let w be d(1). Suppose -w*v + 3*v = -r. Calculate the highest common divisor of v and 77.
11
Let c(f) = 5*f - 3. Let i be c(2). Let t = -40 + 26. Let o be 0/2 + t/(-2). What is the greatest common factor of i and o?
7
Suppose -4*c - 5*n + 31 = 0, c + c - 23 = -5*n. Let l(h) = 18*h - 1 - c*h + 0. Let k be l(1). Calculate the greatest common divisor of k and 91.
13
Let y(h) = -16*h - 16. Let r be y(-7). Calculate the greatest common divisor of 32 and r.
32
Let q = -65 - -71. What is the highest common factor of q and 6?
6
Let x be 4 + -6 - ((-102)/1 + 1). What is the greatest common factor of x and 66?
33
Let t = -76 - -85. What is the highest common divisor of t and 9?
9
Let h = 9 + -3. Let k be 16/h*(-81)/(-12). Calculate the highest common factor of k and 2.
2
Let v be 240/64*4/6*12. What is the highest common divisor of v and 60?
30
Suppose -3 = -h + 2. What is the highest common divisor of 5 and h?
5
Let m(q) = -10*q + 3. Suppose 0 = 5*j - 2*t + 21, 0*j + 2*j + 4*t = 6. Let p be m(j). Let r = -88 + 110. Calculate the greatest common factor of p and r.
11
Suppose -13*s + 1287 = -2*s. Suppose 5*z = 3*q + 59, 0*q + 4*q + 57 = 5*z. Calculate the highest common factor of z and s.
13
Suppose -5*f + 2*c - c + 36 = 0, 0 = -5*f - 5*c + 30. Let u(a) = -a**3 + 26*a**2 + 53*a + 91. Let p be u(28). Calculate the highest common divisor of p and f.
7
Suppose 0 = -6*j + 25 + 191. Calculate the greatest common factor of j and 252.
36
Let t be (-122)/(-10) + ((-30)/25 - -1). What is the greatest common divisor of 24 and t?
12
Suppose -3*k + 1271 = -5*p, -2086 = -5*k - 4*p + 57. Let z = k - 284. Let o be (1/3)/(1/39). Calculate the highest common factor of o and z.
13
Suppose 0 = 2*v - 19 + 3. Calculate the highest common factor of v and 88.
8
Let j = -38 - -43. Let x = 789 - 349. Suppose 4*t - o - x = -j*o, -o + 542 = 5*t. Calculate the highest common factor of 12 and t.
12
Let r(h) = h**2 - 7*h + 12. Let f be r(9). Calculate the highest common factor of f and 12.
6
Let j = 121 - 89. Calculate the highest common factor of 8 and j.
8
Let a = 30 - 7. Calculate the greatest common factor of a and 23.
23
Let i be (-3)/(-9) - 1/3. Suppose -2*q + 20 = -i. Calculate the highest common factor of q and 90.
10
Suppose -2*z - 22 = -4*w, -w = -6*w + 5*z + 40. Suppose 5*o - 5*l = 135, w*l = -2*l - 10. What is the greatest common divisor of 5 and o?
5
Let l(g) = g**3 - 9*g**2 + 2. Let z be l(9). Suppose z*a + 13 = 5*k - a, 0 = 5*k - 5*a - 15. Calculate the greatest common divisor of k and 14.
2
Let k = 8 + -5. Suppose -k*f = -7*f + 36. Suppose -5*c + 4*j = -102, -2*c + 3*j + 81 = 2*c. What is the highest common factor of f and c?
9
Let l = -100 - -52. Let m = l 